 s(b) = -b**2 + 16*b + 49. Calculate s(-3).
-8
Let t(v) = 2*v**2 + 21*v + 5. What is t(-10)?
-5
Let x(q) = 8*q + 36. Calculate x(-5).
-4
Let t(c) = -28*c - 5. Give t(0).
-5
Let j(c) = c - 28. Calculate j(6).
-22
Let c(g) = 6*g + 211. Determine c(-36).
-5
Let a(f) = f**2 - 18*f. What is a(17)?
-17
Let a(c) = c**2 + 25*c - 19. Determine a(-25).
-19
Let c(h) = 6*h - 40. Calculate c(6).
-4
Let t(c) = -3*c**2 + 52*c - 130. What is t(14)?
10
Let h(l) = l**2 - 17*l + 32. Give h(14).
-10
Let i(p) = p**3 + 36*p**2 - 34*p + 107. What is i(-37)?
-4
Let g(u) = 3*u**3 + 15*u**2 + u - 41. What is g(-4)?
3
Let h(q) = 62*q**3 - q**2 + 2*q - 1. Determine h(1).
62
Let l(y) = -14*y + 480. Give l(35).
-10
Let v(y) = -y**3 + 4*y**2 + 5*y - 6. Give v(4).
14
Let t(g) = -40*g**3 - 2*g - 2. Calculate t(-1).
40
Let f(r) = r**2 - 12*r - 11. Calculate f(13).
2
Let l(s) = 5*s + 8. Calculate l(-4).
-12
Let b(k) = -k**2 + 11*k - 19. Give b(16).
-99
Let m(c) = 10*c + 21. Determine m(-2).
1
Let i(z) = -6*z. Determine i(-1).
6
Let c(m) = -11*m - 7. Determine c(5).
-62
Let n(l) = -l**3 - 14*l**2 - 19*l + 33. Give n(-13).
111
Let q(v) = 6*v + 44. Determine q(-9).
-10
Let w(k) = -5*k + 52. Calculate w(-5).
77
Let n(p) = -p**2 - 91*p - 670. Determine n(-8).
-6
Let d(x) = -23*x + 259. Calculate d(11).
6
Let q(t) = -8*t + 26. Give q(4).
-6
Let h(q) = 14*q - 1. What is h(-1)?
-15
Let t(a) = -3*a**2 - 2*a + 12. What is t(-5)?
-53
Let i(j) = -j**3 + 10*j**2 + 11. What is i(10)?
11
Let y(h) = -h**3 - 8*h**2 - 6*h + 10. Determine y(-7).
3
Let z(r) = r**3 - r**2 - 11*r - 1. Give z(4).
3
Let b(r) = -8*r**2 - 23*r - 32. Calculate b(-2).
-18
Let k(x) = -x**3 - 2*x**2 - x - 1. Determine k(-2).
1
Let q(a) = -a. Give q(7).
-7
Let t(l) = -3*l - 34. What is t(-14)?
8
Let k(q) = -11*q + 69. What is k(7)?
-8
Let g(w) = 3*w**2 + 9*w - 17. Calculate g(5).
103
Let x(w) = w**2 + 6*w - 3. Calculate x(-5).
-8
Let f(a) = 8*a**3 - 3*a**2. Calculate f(2).
52
Let l(q) = -q**3 + 8*q**2 + 33*q + 1. Give l(11).
1
Let o(y) = -y**2 + 11*y + 7. Determine o(8).
31
Let y(z) = z**3 + 3*z**2 + 6*z + 1. Calculate y(-4).
-39
Let u(i) = i**3 + 6*i**2 + 7*i + 4. Give u(-5).
-6
Let s(t) = -20*t + 110. Calculate s(7).
-30
Let o(c) = c**2 + 9*c + 9. Calculate o(-8).
1
Let q(g) = -g**2 + g + 15. Give q(0).
15
Let n(h) = -h**3 + 17*h**2 + 35*h + 56. Calculate n(19).
-1
Let x(b) = -3*b - 14. Give x(-10).
16
Let i(t) = t**3 - 7*t**2 - 31*t + 17. What is i(10)?
7
Let n(r) = -r**2 - 2*r + 22. Give n(-6).
-2
Let s(n) = 6*n**2 - 45*n + 24. Give s(7).
3
Let t(w) = -21*w - 3. Determine t(-3).
60
Let z(w) = 21*w**2 + 2*w - 5. Calculate z(2).
83
Let v(u) = -u**2 - 14*u - 26. Determine v(-13).
-13
Let o(m) = -6*m - 40. What is o(-7)?
2
Let d(b) = 2*b**2 + 4*b + 4. Determine d(-3).
10
Let j(c) = -c**2 + 22*c - 91. What is j(5)?
-6
Let q(s) = -s**3 + 94*s**2 - 186*s + 179. Give q(92).
-5
Let u(h) = -3*h + 20. Calculate u(10).
-10
Let f(b) = -b**3 + 28*b**2 + 29*b - 8. Calculate f(29).
-8
Let t(c) = -2*c + 28. What is t(16)?
-4
Let u(d) = 14*d - 3. Calculate u(6).
81
Let x(i) = -12*i - 123. Determine x(-16).
69
Let y(v) = -12*v**3 + 2*v**2 + v. What is y(-1)?
13
Let c(s) = 17*s + 1. Calculate c(-1).
-16
Let s(d) = 3*d**2 + 2*d - 2. What is s(4)?
54
Let y(s) = -2*s + 4. Give y(2).
0
Let m(g) = -g**2 + 14*g. What is m(15)?
-15
Let b(i) = i**2 + 7*i + 3. Calculate b(-7).
3
Let w(d) = -d**2 - 26*d + 217. Calculate w(7).
-14
Let y(a) = -a**3 - 77. Determine y(0).
-77
Let o(h) = h**2 - 8*h + 2. What is o(4)?
-14
Let i(w) = 2*w**2 - 7*w - 2. Give i(5).
13
Let u(v) = v**2 - v - 1. Determine u(0).
-1
Let u(c) = 2*c + 29. Determine u(-17).
-5
Let i(h) = -13*h**3 + 2*h**2 - 1. Give i(-1).
14
Let c(n) = 12*n**2 + 9*n - 7. Calculate c(1).
14
Let p(f) = 6*f**3 + 15*f**2 + 9*f + 5. Determine p(-2).
-1
Let w(z) = -z**3 - 11*z**2 - 22*z - 7. Calculate w(-3).
-13
Let f(t) = 4*t**3 - 2*t**2 - 1. What is f(2)?
23
Let z(q) = 4*q**2 + 2*q + 3. Determine z(-2).
15
Let z(h) = h**3 - 16*h**2 + 14*h - 3. Calculate z(15).
-18
Let h(a) = -3*a - 49. Determine h(-15).
-4
Let i(v) = -v**2 - 2*v + 15. What is i(9)?
-84
Let i(r) = 10*r**3 - 69*r**2 - 10*r + 4. What is i(7)?
-17
Let u(k) = -72*k + 582. What is u(8)?
6
Let p(w) = -2*w**2 - 9*w + 4. What is p(-8)?
-52
Let m(w) = -w**3 - 10*w**2 + 4*w - 14. Determine m(-9).
-131
Let j(t) = 4*t - 16. What is j(-7)?
-44
Let x(r) = r**2 + 5*r - 42. What is x(5)?
8
Let t(o) = o**3 + 7*o**2 - 8*o - 5. Calculate t(-8).
-5
Let k(d) = -d**3 + 6*d**2 + 5*d + 2. Calculate k(7).
-12
Let x(n) = -2*n**3 + n**2 - 3*n - 9. Determine x(-2).
17
Let h(w) = -w**3 + 3*w**2 + 10*w. Determine h(5).
0
Let v(x) = -x**2 + 7*x - 14. What is v(2)?
-4
Let r(q) = -q**2 - 18*q - 6. What is r(-16)?
26
Let s(y) = 8*y + 80. Calculate s(-24).
-112
Let u(n) = -n**3 + 5*n**2 + 3*n + 6. Determine u(6).
-12
Let h(n) = -4*n**2 + 39*n - 31. Give h(9).
-4
Let u(k) = -2*k**2 + 9*k + 4. Give u(-4).
-64
Let f(n) = -n**3 + 12*n**2 - 3*n + 35. What is f(12)?
-1
Let w(r) = -2*r**2 + 34*r - 136. What is w(6)?
-4
Let d(o) = -3*o**2 - 4. Give d(-4).
-52
Let r(o) = -o + 5. What is r(9)?
-4
Let q(s) = s**3 - 11*s**2 - 9*s + 15. Determine q(11).
-84
Let x(w) = 11*w - 2. What is x(2)?
20
Let k(n) = 3*n + 19. Give k(-5).
4
Let b(j) = -5*j - 6. Calculate b(-6).
24
Let x(s) = 42*s - 701. Calculate x(17).
13
Let a(w) = -4*w + 10. What is a(2)?
2
Let j(q) = -8*q + 1. Calculate j(0).
1
Let y(m) = m**2 - 28*m + 105. What is y(25)?
30
Let k(i) = 2*i**2 - 28*i - 25. What is k(15)?
5
Let t(d) = d**2 - 2*d + 2. Give t(2).
2
Let j(l) = l**3 + 7*l**2 - l + 56. Calculate j(-8).
0
Let q(h) = -9*h - 344. What is q(-39)?
7
Let y(q) = q**2 - q - 1. Calculate y(-5).
29
Let z(r) = 39*r + 240. Calculate z(-6).
6
Let z(j) = -j**2 - 15*j - 1. Give z(-15).
-1
Let j(o) = 2*o**3 + 13*o**2 - 10*o - 28. Give j(-7).
-7
Let d(k) = k**3 + 25*k**2 - 24*k + 38. Give d(-26).
-14
Let t(i) = i**2 - 6*i - 19. Calculate t(7).
-12
Let l(m) = -m**3 - 10*m**2 - 11*m - 12. What is l(-9)?
6
Let j(c) = -3*c**2 - 19*c + 10. Determine j(-7).
-4
Let l(k) = k**3 + 14*k**2 + 17*k + 36. Determine l(-13).
-16
Let y(f) = f**2 - 22*f + 3. Calculate y(22).
3
Let u(t) = -t**3 + 5*t**2 - 3*t + 5. Calculate u(5).
-10
Let h(o) = -35*o**2 + o - 2. Determine h(1).
-36
Let q(n) = -n**2 - 7*n - 9. Calculate q(-3).
3
Let l(u) = u**3 - 8*u**2 - 6*u - 14. Give l(7).
-105
Let n(u) = u**2 + 7*u - 29. What is n(-10)?
1
Let j(c) = -c**3 + 6*c**2 + 5*c - 26. What is j(5)?
24
Let f(l) = -l**2 - 34*l + 79. Give f(-36).
7
Let x(o) = o**3 - 9*o**2 - 10*o + 1. Determine x(10).
1
Let z(q) = -13*q - 7. Determine z(-2).
19
Let i(a) = -50*a**3 + a**2 + a - 1. Determine i(1).
-49
Let w(s) = s**3 + 25*s**2 + 44*s + 27. Determine w(-23).
73
Let k(d) = 4*d**3 + 2*d**2 - 1. Give k(-1).
-3
Let d(g) = -19*g - 18. Determine d(-1).
1
Let w(p) = p**2 + 3*p - 8. What is w(-5)?
2
Let r(a) = 2*a**2 - a - 34. Calculate r(-4).
2
Let x(b) = 60*b - 787. Give x(13).
-7
Let q(l) = l**3 + l**2 + 34. Calculate q(0).
34
Let n(q) = q**3 + 8*q**2 - 18*q - 44. Calculate n(-10).
-64
Let x(u) = -19*u**3 + 3*u**2 - 2*u. Determine x(1).
-18
Let y(q) = q + 31. Calculate y(-15).
16
Let x(g) = -21*g - 181. Determine x(-9).
8
Let t(o) = o**3 + 7*o**2 + 8*o + 3. Calculate t(-6).
-9
Let c(p) = -p**3 + 31*p**2 - 60*p + 21. What is c(29)?
-37
Let q(g) = -g**3 + 5*g**2 + 7*g - 4. What is q(6)?
2
Let o(t) = 2*t**3 - 3*t**2 - t - 2. Give o(-3).
-80
Let u(b) = 4*b**2 - 12*b - 17. Calculate u(4).
-1
Let n(j) = j**2 + 3*j. What is n(-4)?
4
Let b(f) = f**2 + 13*f + 30. Calculate b(-4).
-6
Let k(x) = -58*x + 178. Give k(3).
4
Let h(l) = -l**2 - 6*l + 9. What is h(-5)?
14
Let g(p) = 5*p**2 + 17*p + 1. What is g(1)?
23
Let f(z) = z**3 - 6*z**2 + 2*z + 2. Determine f(2).
-10
Let t(u) = -u**2 + 5*u - 2. Calculate t(1).
2
Let r(s) = 3*s**2 + 4*s + 4. Calculate r(-2).
8
Let w(z) = -41*z. What is w(-2)?
82
Let o(n) = -n**3 - 8*n**2 + 5*n + 2. Determine o(-9).
38
Let j(h) = h**2 - 17*h + 10. Determine j(16).
-6
Let m(t) = t**2 - 3*t - 34. Calculate m(6).
-16
Let b(v) = v**3 + 4*v**2 - 3. Give b(-4).
-3
Let q(p) = 6*p + 8. Calculate q(-4).
-16
Let r(w) = w**3 + 9*w**2 + 5*w + 10. Determine r(-6).
88
Let m(z) = -19*z + 7. Determine m(1).
-12
Let u(w) = -w**2 + 5*w - 8. What is u(4)?
-4
Let h(z) = -3*z - 1.